0. Is k a composite number?
False
Suppose 300*y - 1895058 = -108*y + 102*y. Is y a prime number?
False
Suppose -9*r + 2809713 = -1504014. Is r a prime number?
False
Is 24127 - ((18/15)/((-3)/15) - 0) prime?
True
Suppose 6 + 0 = 3*r, 0 = -4*p - 5*r + 22. Suppose 0 = -2*x + 7*x + 20, -3*u - p*x = -1881. Is u prime?
True
Suppose 2*l + 25 = -23. Let r be (-2)/((-3)/(l/(-2))). Suppose -r*a + 2863 = -a. Is a a prime number?
True
Let g be (9/(-4))/(2 + (-38)/16). Let w be (g/4)/((-265)/(-140) - 2). Is 5538/4 + (-7)/w a composite number?
True
Let k be (-22)/121 - 68/(-11). Suppose 4*f - 4*h = 368, -2*f + 3*h - 361 = -k*f. Is f prime?
False
Let s be 2*(2 + (-2)/(-4)). Let b(k) be the first derivative of 3*k**4/2 + 8*k**3/3 - 7*k**2/2 - 4*k + 36. Is b(s) composite?
False
Suppose 163*c - 123745140 = 79*c - 96*c. Is c a prime number?
True
Let x be 1/((-2)/(-14) + 0). Let g(a) = -19*a + 13. Let p be g(x). Let v = 2437 - p. Is v prime?
True
Let j(d) be the first derivative of d**4 - 4*d**3/3 + d**2 + 5*d - 21. Let o be (-4)/(-6)*(-225)/(-30). Is j(o) a composite number?
True
Let w(q) = 25*q**2 - 7*q + 47. Let h be w(-22). Let o = h + 1216. Is o a composite number?
True
Suppose 5*o + 23*o - 336 = 0. Is (24/8)/(o/5384*2) composite?
False
Let g(r) = -6*r**2 - 29*r + 10. Let a be g(-5). Suppose 2*n + b - 271 = 317, -a*b = -3*n + 869. Is n a composite number?
False
Let n(p) = 2507*p + 1589. Is n(52) a prime number?
False
Let m(p) = 145*p**2 + 5*p - 355. Is m(20) a composite number?
True
Let k(c) = -c**3 - 16*c**2 - 2*c - 28. Let r be k(-16). Suppose 3*i + 64431 = 6*i + r*p, -2*p - 42968 = -2*i. Is i prime?
True
Let h = 1750 - 956. Let v = 3793 - h. Is v composite?
False
Suppose 0 = -2*t + r + 40, -2*t + 3*t + 3*r - 6 = 0. Is t/27 + -1 + (-2383)/(-3) a prime number?
False
Suppose 5*h = 41 + 9. Suppose 0*s - 3 = -5*m - 4*s, 0 = -2*m + 4*s - h. Let z(n) = 67*n**2. Is z(m) a composite number?
False
Suppose -2*o + 322422 = 5*c - 6*c, 5*o = -5*c + 806025. Is o a composite number?
True
Suppose 0 = 3*o + l - 141, 3*o - 126 = -0*o + 4*l. Let c = o + -43. Suppose -r = -v + 950, -c*v - 1909 = -5*v - r. Is v a prime number?
True
Is 3209816*(-5)/(-90) + (-3)/27 prime?
False
Suppose 0 = 4*b - 5*u - 11 - 58, 5*b - 3*u = 83. Suppose 12*a - b*a = -24572. Is a composite?
False
Let i(n) = 3*n**3 - 13*n**2 - 2*n - 7. Suppose 4*t + 100 = -60. Let a = t - -46. Is i(a) composite?
True
Let s(f) = 4208*f**2 + 3*f - 10. Let p(l) = -4209*l**2 - 4*l + 12. Let y(h) = 5*p(h) + 6*s(h). Is y(1) prime?
True
Let k(x) be the first derivative of -x**4/2 - 8*x**3/3 - 11*x**2/2 + x - 6. Let m be k(-8). Suppose -4*w + 2*a + m = -75, 0 = -4*a. Is w composite?
True
Let x(a) = 2*a - 11 - 1 - 12*a**3 - 12*a**2 + a**2 + 2. Is x(-9) a prime number?
True
Suppose 5*j + 16774 = g, 2*g + 9*j - 4*j - 33608 = 0. Suppose -2*v - n + 8404 = 0, -v + 5*n = 3*v - g. Is v composite?
False
Let q(x) = x - 9084. Let c(a) = -a + 13625. Let w(m) = -5*c(m) - 8*q(m). Is w(0) a prime number?
True
Suppose 567*r = 67*r + 321605500. Is r a prime number?
False
Let p be -177*(-153)/18*(-8)/6. Let k = p + 25275. Is k a prime number?
True
Let t(y) = -32865*y - 388. Is t(-3) a prime number?
True
Let i(q) = -31*q - 218*q - 13 - 36*q - 1. Let s be i(-5). Suppose 7*k - 262 = s. Is k a prime number?
True
Suppose 14*o + 805771 = -345*s + 348*s, -2*s + 537098 = o. Is s a prime number?
False
Let p(c) = c - 25. Let a be p(-22). Let y = -42 - a. Is 2576 + 5 + (3 - y) a composite number?
False
Let v(o) = -3*o + 35. Let r be v(13). Let w(i) = -2*i - 2. Let z be w(r). Suppose 0 = -0*l + z*l - 9258. Is l prime?
True
Let g = 6 - 6. Suppose g = -6*m + 7792 + 1610. Is m composite?
False
Suppose -1214736 + 369028 = -4*f. Is f a composite number?
False
Suppose 2*z + 79469 = b, -b = 2*z - 120560 + 41115. Is b prime?
False
Let i(v) = -v**3 - 3*v**2 - 3*v - 2. Let z = 84 - 85. Let j be i(z). Let c(h) = -422*h + 5. Is c(j) a prime number?
False
Let z(q) = 28*q**3 + 21*q**2 - 99*q - 13. Is z(9) composite?
True
Suppose 5*s - 46190 = -4*x + 29251, 0 = 3*x - 5*s - 56572. Is x prime?
True
Suppose -5651 = d + 4440. Let y = -4552 - d. Let i = y + -2600. Is i a composite number?
False
Let p = 1 - -21. Suppose p*d - 28*d = -1794. Let b = d - 172. Is b composite?
False
Suppose 398923 = -118*j + 110*j + 1270931. Is j a prime number?
True
Let f be ((-2)/3)/((-8)/60). Suppose k - 1055 = -f*y, 4*y = 2*k + 188 + 656. Is y a composite number?
False
Let i = -4282 - -9297. Let w = 1014 + i. Is w prime?
True
Let u = 106350 + 58203. Is u composite?
True
Suppose 0*n - 70011 = -9*n. Let j = n - 4757. Is j a prime number?
False
Suppose 1518736 = -323*r + 339*r. Is r prime?
False
Let d = -30479 - -58990. Is d a composite number?
True
Let k = 44 - 43. Let v(b) = -21*b**2 + b. Let w be v(k). Is (-6730)/(-2)*((-64)/w - 3) a composite number?
False
Let i(p) = 10 - 3*p**2 + 5 - 20*p + 2*p**2. Let w be i(-21). Is (-113)/(-1)*(-6)/w a prime number?
True
Suppose -5*p = 2*b + 13074 - 803599, 2*p = -3*b + 316199. Is p composite?
True
Let t(u) = 4*u - 4. Let z be t(2). Let b be (-10458)/(1 - -2) + z. Let p = -649 - b. Is p composite?
False
Let j(g) = g**2 + 38*g + 191. Let s be j(-32). Let a(o) = -2157*o**3 - 3*o**2 + 3. Is a(s) composite?
True
Suppose 1057*m - 1855 = 1064*m. Let s be 2 + -2 + 1 + -880. Let h = m - s. Is h a prime number?
False
Let k(f) = -f**3 + 15*f**2 + 16*f + 9. Let d be k(16). Suppose 11*m - d*m = 12. Suppose 0*b - m*b + 510 = 0. Is b a composite number?
True
Let d = -21 - -21. Suppose d = 3*z + z. Suppose -4*x + 606 = 2*h, 5*h + z*h - 1545 = 5*x. Is h composite?
False
Suppose -2*k = 2*i - 74930, -3*k - i + 112393 = i. Is k composite?
False
Suppose 0 = 103*a - 156*a + 741046. Is a a composite number?
True
Let v be 16779/42*-2*2. Let i = v - -3657. Is i composite?
True
Let b = -50783 + 80434. Is b composite?
True
Suppose u + 4461870 = 2*u + 29*u. Is u composite?
True
Suppose t = 602 + 825. Let x(g) = -g**2 - 15*g + 102. Let c be x(25). Let q = c + t. Is q a composite number?
True
Let d be (-1 - (-1 - 2))*1/2. Let x be 0/((1 + -2)/d). Suppose 5*m = v - 1916, 4*v - 7739 = -5*m - x*m. Is v prime?
True
Let a be (55/(-10))/11 + (-9)/2. Let p(s) = 380*s**2 + 11. Is p(a) composite?
False
Let c(i) = i**3 + 26*i**2 + 2*i + 6. Let r be c(-13). Let q = 2284 + r. Is q composite?
True
Is (28/((-1848)/(-212663)))/(((-1)/6)/(-1)) a prime number?
True
Let l = 6180 - 3403. Is l a prime number?
True
Suppose -6*x - 309 = v - 2*x, 5*x + 305 = -v. Let s = 1846 - v. Is s prime?
False
Suppose -170 = 4*i - 4*q + 2642, -2*i - 2*q = 1426. Let h = i - -3508. Suppose -2*r = -2*k - 786 + h, 5*k - 3*r = 5027. Is k composite?
True
Let r(s) = -s**3 - 9*s**2 - 8*s + 6. Let c be r(-8). Suppose c*n = 8*n - 2538. Suppose 3*a - g - n = 3*g, -3 = g. Is a composite?
False
Is (-8)/6*(-3713202)/216 composite?
False
Suppose -5*f = -3*b - 5, 22 = 5*f + b - 3. Suppose 2*t + 6 = 0, 5*u + 4*t + 22 = f*u. Is ((-1608)/u - 9/(-15))*5 a prime number?
False
Suppose 4*j = 150*h - 146*h + 669520, 7*h = 4*j - 669517. Is j a composite number?
False
Suppose 6 = 4*l + l - 3*d, -9 = l - 4*d. Suppose 0*b - 4*m = 2*b + 24, -3*b + 3*m - 36 = 0. Is -2 + 796 - (b + l)/(-3) composite?
True
Suppose 29*j + 49*j - 5718726 = 0. Is j a prime number?
False
Let m(y) = -y**3 + 9*y**2 + 4*y - 13. Suppose g + 6 = 8. Suppose g*l = l - 5*i - 14, 2*i - 25 = 3*l. Is m(l) a prime number?
True
Let q = -43504 + 132093. Is q a composite number?
False
Let r be ((-70)/55)/(-7) + (-40)/(-22). Let i be 1/(-3 + r) + 5. Is 631 - 0*i/(-8) composite?
False
Let g(r) = r**2 + 28*r + 157. Let x be g(-20). Let h(f) be the third derivative of -41*f**6/120 - f**5/15 - f**4/3 - 2*f**3/3 - 2*f**2. Is h(x) composite?
False
Suppose -48*a - 5031270 = -78*a. Is a composite?
True
Let w = 49 - 47. Suppose -3*q = w*q + 7530. Let u = -907 - q. Is u a composite number?
False
Let a(k) = 29*k**3 + 11*k**2 - 304*k - 29. Is a(28) a composite number?
True
Suppose 0 = 5*h - 6*h - 36. Let u = h - -36. Suppose u*z - 4*j = 5*z - 179, -3*j = 5*z - 178. Is z a composite number?
True
Let p be (19/(-4) + 4/(-16))*-449. Suppose -6675 = -2*h - 3*y, 4*h = 5*y - p + 15540. Let c = h - 1381. Is c a composite number?
False
Let c(s) = -s + 80. Let q be c(0). Let h = q + -114. Is (-2*(-1)/4